{"id":398,"date":"2025-07-18T12:13:46","date_gmt":"2025-07-18T12:13:46","guid":{"rendered":"https:\/\/unicontrol.rs\/?page_id=398"},"modified":"2025-07-18T16:36:34","modified_gmt":"2025-07-18T16:36:34","slug":"cards-print-2","status":"publish","type":"page","link":"https:\/\/unicontrol.rs\/index.php\/cards-print-2\/","title":{"rendered":"Cards Print"},"content":{"rendered":"\t\t<div data-elementor-type=\"wp-page\" data-elementor-id=\"398\" class=\"elementor elementor-398\" data-elementor-post-type=\"page\">\n\t\t\t\t<div class=\"elementor-element elementor-element-31d599c e-flex e-con-boxed e-con e-parent\" data-id=\"31d599c\" data-element_type=\"container\">\n\t\t\t\t\t<div class=\"e-con-inner\">\n\t\t\t\t<div class=\"elementor-element elementor-element-9b952e3 elementor-widget elementor-widget-heading\" data-id=\"9b952e3\" data-element_type=\"widget\" data-widget_type=\"heading.default\">\n\t\t\t\t\t<h2 class=\"elementor-heading-title elementor-size-default\">Cards Print \u2013 Rekonstrukcija upravljanja vakuum stolom za ekspoziciju<\/h2>\t\t\t\t<\/div>\n\t\t\t\t\t<\/div>\n\t\t\t\t<\/div>\n\t\t<div class=\"elementor-element elementor-element-2d658d4 e-flex e-con-boxed e-con e-parent\" data-id=\"2d658d4\" data-element_type=\"container\">\n\t\t\t\t\t<div class=\"e-con-inner\">\n\t\t\t\t<div class=\"elementor-element elementor-element-e730a8a elementor-widget elementor-widget-spacer\" data-id=\"e730a8a\" data-element_type=\"widget\" data-widget_type=\"spacer.default\">\n\t\t\t\t\t\t\t<div class=\"elementor-spacer\">\n\t\t\t<div class=\"elementor-spacer-inner\"><\/div>\n\t\t<\/div>\n\t\t\t\t\t\t<\/div>\n\t\t\t\t\t<\/div>\n\t\t\t\t<\/div>\n\t\t<div class=\"elementor-element elementor-element-653e3d2 e-flex e-con-boxed e-con e-parent\" data-id=\"653e3d2\" data-element_type=\"container\">\n\t\t\t\t\t<div class=\"e-con-inner\">\n\t\t<div class=\"elementor-element elementor-element-163d27b e-con-full e-flex e-con e-child\" data-id=\"163d27b\" data-element_type=\"container\">\n\t\t\t\t<div class=\"elementor-element elementor-element-21a3a21 elementor-widget elementor-widget-text-editor\" data-id=\"21a3a21\" data-element_type=\"widget\" data-widget_type=\"text-editor.default\">\n\t\t\t\t\t\t\t\t\t<p class=\"p1\">U cilju modernizacije i pove\u0107anja pouzdanosti, za klijenta <span class=\"s1\"><b>Cards Print<\/b><\/span> realizovana je potpuna rekonstrukcija sistema upravljanja vakuum stola za ekspoziciju.<\/p><p class=\"p1\">Projekat je obuhvatio sve faze \u2013 od zamene klju\u010dnih komponenti do implementacije novog softverskog re\u0161enja.<\/p>\t\t\t\t\t\t\t\t<\/div>\n\t\t\t\t<\/div>\n\t\t<div class=\"elementor-element elementor-element-f172e00 e-con-full e-flex e-con e-child\" data-id=\"f172e00\" data-element_type=\"container\">\n\t\t\t\t<div class=\"elementor-element elementor-element-461bd90 elementor-widget elementor-widget-image\" data-id=\"461bd90\" data-element_type=\"widget\" data-widget_type=\"image.default\">\n\t\t\t\t\t\t\t\t\t\t\t\t\t\t\t<img fetchpriority=\"high\" decoding=\"async\" width=\"1024\" height=\"768\" src=\"https:\/\/unicontrol.rs\/wp-content\/uploads\/2025\/07\/cardsunicontrol1.jpg\" class=\"attachment-large size-large wp-image-582\" alt=\"\" srcset=\"https:\/\/unicontrol.rs\/wp-content\/uploads\/2025\/07\/cardsunicontrol1.jpg 1024w, https:\/\/unicontrol.rs\/wp-content\/uploads\/2025\/07\/cardsunicontrol1-300x225.jpg 300w, https:\/\/unicontrol.rs\/wp-content\/uploads\/2025\/07\/cardsunicontrol1-768x576.jpg 768w\" sizes=\"(max-width: 1024px) 100vw, 1024px\" \/>\t\t\t\t\t\t\t\t\t\t\t\t\t\t\t<\/div>\n\t\t\t\t<\/div>\n\t\t\t\t\t<\/div>\n\t\t\t\t<\/div>\n\t\t<div class=\"elementor-element elementor-element-816f80c e-flex e-con-boxed e-con e-parent\" data-id=\"816f80c\" data-element_type=\"container\">\n\t\t\t\t\t<div class=\"e-con-inner\">\n\t\t\t\t<div class=\"elementor-element elementor-element-ab297a9 elementor-widget elementor-widget-spacer\" data-id=\"ab297a9\" data-element_type=\"widget\" data-widget_type=\"spacer.default\">\n\t\t\t\t\t\t\t<div class=\"elementor-spacer\">\n\t\t\t<div class=\"elementor-spacer-inner\"><\/div>\n\t\t<\/div>\n\t\t\t\t\t\t<\/div>\n\t\t\t\t\t<\/div>\n\t\t\t\t<\/div>\n\t\t<div class=\"elementor-element elementor-element-22b1358 e-flex e-con-boxed e-con e-parent\" data-id=\"22b1358\" data-element_type=\"container\">\n\t\t\t\t\t<div class=\"e-con-inner\">\n\t\t<div class=\"elementor-element elementor-element-6955e5b e-con-full e-flex e-con e-child\" data-id=\"6955e5b\" data-element_type=\"container\">\n\t\t\t\t<div class=\"elementor-element elementor-element-780553a elementor-widget elementor-widget-heading\" data-id=\"780553a\" data-element_type=\"widget\" data-widget_type=\"heading.default\">\n\t\t\t\t\t<h2 class=\"elementor-heading-title elementor-size-default\">Tehni\u010dke aktivnosti:<\/h2>\t\t\t\t<\/div>\n\t\t\t\t<div class=\"elementor-element elementor-element-e6a022a elementor-widget elementor-widget-text-editor\" data-id=\"e6a022a\" data-element_type=\"widget\" data-widget_type=\"text-editor.default\">\n\t\t\t\t\t\t\t\t\t<p>\u00a0<\/p><p class=\"p1\">Zamena glavnog kontrolera modernim PLC sistemom<\/p><p class=\"p1\">Ugradnja interfejs releja za pobolj\u0161anu elektri\u010dnu izolaciju i sigurnost<\/p><p class=\"p1\">Nova upravlja\u010dka napajanja sa stabilnim i efikasnim izvorima<\/p><p class=\"p1\">Razvoj novog PLC programa optimizovanog za konkretne potrebe stola<\/p><p class=\"p1\">Izrada HMI aplikacije za lokalni nadzor i intuitivno upravljanje<\/p><p>\u00a0<\/p>\t\t\t\t\t\t\t\t<\/div>\n\t\t\t\t<\/div>\n\t\t<div class=\"elementor-element elementor-element-5dcd036 e-con-full e-flex e-con e-child\" data-id=\"5dcd036\" data-element_type=\"container\">\n\t\t\t\t<div class=\"elementor-element elementor-element-fb6c958 elementor-widget elementor-widget-image\" data-id=\"fb6c958\" data-element_type=\"widget\" data-widget_type=\"image.default\">\n\t\t\t\t\t\t\t\t\t\t\t\t\t\t\t<img decoding=\"async\" width=\"1024\" height=\"768\" src=\"https:\/\/unicontrol.rs\/wp-content\/uploads\/2025\/07\/unicontrolcardsimg2.jpg\" class=\"attachment-large size-large wp-image-586\" alt=\"\" srcset=\"https:\/\/unicontrol.rs\/wp-content\/uploads\/2025\/07\/unicontrolcardsimg2.jpg 1024w, https:\/\/unicontrol.rs\/wp-content\/uploads\/2025\/07\/unicontrolcardsimg2-300x225.jpg 300w, https:\/\/unicontrol.rs\/wp-content\/uploads\/2025\/07\/unicontrolcardsimg2-768x576.jpg 768w\" sizes=\"(max-width: 1024px) 100vw, 1024px\" \/>\t\t\t\t\t\t\t\t\t\t\t\t\t\t\t<\/div>\n\t\t\t\t<\/div>\n\t\t<div class=\"elementor-element elementor-element-c72f812 e-con-full e-flex e-con e-child\" data-id=\"c72f812\" data-element_type=\"container\">\n\t\t\t\t<div class=\"elementor-element elementor-element-2d39d36 elementor-widget elementor-widget-heading\" data-id=\"2d39d36\" data-element_type=\"widget\" data-widget_type=\"heading.default\">\n\t\t\t\t\t<h2 class=\"elementor-heading-title elementor-size-default\">Stabilan i pouzdan sistem<\/h2>\t\t\t\t<\/div>\n\t\t\t\t<div class=\"elementor-element elementor-element-4657f08 elementor-widget elementor-widget-text-editor\" data-id=\"4657f08\" data-element_type=\"widget\" data-widget_type=\"text-editor.default\">\n\t\t\t\t\t\t\t\t\t<blockquote><i>Rekonstrukcijom je postignuta ve\u0107a sigurnost, lak\u0161e upravljanje i potpuna funkcionalnost sistema, testirana u realnim uslovima eksploatacije.<\/i><\/blockquote>\t\t\t\t\t\t\t\t<\/div>\n\t\t\t\t<\/div>\n\t\t\t\t\t<\/div>\n\t\t\t\t<\/div>\n\t\t\t\t<\/div>\n\t\t","protected":false},"excerpt":{"rendered":"<p>Cards Print \u2013 Rekonstrukcija upravljanja vakuum stolom za ekspoziciju U cilju modernizacije i pove\u0107anja pouzdanosti, za klijenta Cards Print realizovana je potpuna rekonstrukcija sistema upravljanja vakuum stola za ekspoziciju. Projekat je obuhvatio sve faze \u2013 od zamene klju\u010dnih komponenti do implementacije novog softverskog re\u0161enja. Tehni\u010dke aktivnosti: \u00a0 Zamena glavnog kontrolera modernim PLC sistemom Ugradnja interfejs [&hellip;]<\/p>\n","protected":false},"author":1,"featured_media":0,"parent":0,"menu_order":0,"comment_status":"closed","ping_status":"closed","template":"","meta":{"footnotes":""},"class_list":["post-398","page","type-page","status-publish","hentry","entry"],"_links":{"self":[{"href":"https:\/\/unicontrol.rs\/index.php\/wp-json\/wp\/v2\/pages\/398","targetHints":{"allow":["GET"]}}],"collection":[{"href":"https:\/\/unicontrol.rs\/index.php\/wp-json\/wp\/v2\/pages"}],"about":[{"href":"https:\/\/unicontrol.rs\/index.php\/wp-json\/wp\/v2\/types\/page"}],"author":[{"embeddable":true,"href":"https:\/\/unicontrol.rs\/index.php\/wp-json\/wp\/v2\/users\/1"}],"replies":[{"embeddable":true,"href":"https:\/\/unicontrol.rs\/index.php\/wp-json\/wp\/v2\/comments?post=398"}],"version-history":[{"count":10,"href":"https:\/\/unicontrol.rs\/index.php\/wp-json\/wp\/v2\/pages\/398\/revisions"}],"predecessor-version":[{"id":589,"href":"https:\/\/unicontrol.rs\/index.php\/wp-json\/wp\/v2\/pages\/398\/revisions\/589"}],"wp:attachment":[{"href":"https:\/\/unicontrol.rs\/index.php\/wp-json\/wp\/v2\/media?parent=398"}],"curies":[{"name":"wp","href":"https:\/\/api.w.org\/{rel}","templated":true}]}}